19 + 21. What is the highest common factor of y and 1?
1
Let d = 8 - -2. Let l(j) = 5*j + 1. Let c be l(-1). Let o be (8 + c)*(-20)/(-1). What is the highest common factor of o and d?
10
Let r be (-4)/14 + 1 + 130/14. What is the highest common factor of 160 and r?
10
Let p = -24 + 40. Let g = 112 + -64. What is the greatest common divisor of p and g?
16
Let t = -30 + 50. Calculate the greatest common factor of t and 30.
10
Let w(q) = -q**2 + q + 40. Let n be w(0). Let m be (n/12)/(3/54). What is the greatest common divisor of m and 12?
12
Let q(a) = -2*a**3 + 6*a**2 + 27*a + 1. Let s be q(-4). Let c(i) = i**3 - 2*i**2 - 4*i - 3. Let y be c(4). Calculate the highest common factor of y and s.
13
Let w = -31 + 40. Calculate the highest common factor of w and 9.
9
Let x(o) = 11*o + 5. Let v be x(4). Suppose -3*c + 19 = -2*j, 4*c - 40 = 3*j - 15. What is the greatest common factor of v and c?
7
Let u be -3*(2 + -1) + 5. Suppose -2*h = -22 - u. Suppose 0 = 3*y + y - 8. Calculate the highest common divisor of h and y.
2
Let a(x) = -x**2 - 17*x + 8. Let n be a(-8). Suppose 2*s + 2*h - 8 = 0, -5 = 3*s - h - 33. What is the greatest common factor of n and s?
8
Let g(u) = 5*u**2 + 5*u - 12. Let y be g(4). What is the highest common factor of 8 and y?
8
Let n(b) = 10*b - 8. Suppose -2*v = 3*v + 4*m - 18, -4*v + 21 = m. Let u be n(v). Calculate the greatest common divisor of 13 and u.
13
Suppose -4*h + 9*h - 95 = 0. Suppose -v = 4*b - 11, -2*v + 74 = 2*v + b. Calculate the greatest common divisor of h and v.
19
Let s be 278/7 + (-2)/(-7). Let n(g) = -5*g - 7. Let o be n(-6). Let t = o + -15. What is the greatest common factor of t and s?
8
Suppose -42 = -x + 2*r, 5*r - 270 = -4*x - x. Calculate the greatest common factor of 20 and x.
10
Let o = 30 + -18. What is the greatest common factor of 48 and o?
12
Let s(w) = w**2 - 7*w + 14. Let u be s(8). Suppose 2*p = -3*t + t + 26, 2*t + 4*p - 30 = 0. What is the highest common factor of t and u?
11
Let r = 0 - -1. Let b be (r + 1)*(-540)/(-24). What is the greatest common divisor of b and 18?
9
Suppose -v = -5*z + 26, 0 = 3*z - 4*v - 7 - 12. Suppose z*h = -5*g + 30, -4*g + 2*g = -5*h + 65. Calculate the greatest common factor of 44 and h.
11
Let p(b) = 2*b**2 - 8*b + 6. Let l be p(5). Let c = 315 + -171. Calculate the highest common factor of c and l.
16
Let z(d) = -d**3 + 7*d**2 - 8*d + 7. Let s be ((-10)/(-8))/((-5)/(-20)). Let f be z(s). What is the highest common factor of 17 and f?
17
Suppose 3*j = -0*j + 108. Suppose -45 = 6*a - 11*a. Let n be a/(-2)*(-2 + 0). Calculate the greatest common divisor of j and n.
9
Suppose -4 = -2*x, -6 = -0*k + k - 4*x. Let w be ((-40)/(-2))/k + -1. Suppose 72 = 6*i - 2*i. Calculate the greatest common factor of i and w.
9
Suppose 2 = -w + 4. Suppose w*o = 6 + 14. Calculate the highest common factor of 10 and o.
10
Suppose 2*k = -4*w + 56, 4*k + 16 = 4*w - 64. What is the greatest common divisor of w and 24?
8
Suppose 0 = -6*x + 3*x + 396. Suppose 4*q = 2*y - 0*y - 16, q - 2 = 0. What is the greatest common factor of y and x?
12
Let d(c) = -4*c - 12 + 9 - 9. Let j be d(-5). Calculate the greatest common divisor of 72 and j.
8
Let w(h) = 2*h**2 - 4. Let g be w(-2). Calculate the greatest common divisor of g and 16.
4
Let x(b) = -b**3 + 2*b**2 + 5*b - 4. Let f be x(-4). Suppose 0*l + 16 = 2*l. Calculate the highest common factor of l and f.
8
Let m = -7 - -15. Let n be 3/(-3 - (-21)/8). Let h be (n/10)/(5/(-125)). Calculate the greatest common divisor of m and h.
4
Let r(d) = 11*d + 1. Suppose 4*y - 4*v + 12 = 0, 2*y - 2*v = 4*y - 10. Let n be r(y). What is the highest common divisor of n and 12?
12
Let r = -61 - -106. Calculate the highest common divisor of 9 and r.
9
Let x = 557 + -233. Suppose -3*y + x = y. What is the greatest common divisor of 9 and y?
9
Let b be 1 - -3*(-1 - 0). Let q = b + 8. Suppose 5*i - q*i = -153. Calculate the greatest common divisor of 17 and i.
17
Suppose 8*c = 3*c. Let w be c/(-2) + (0 - 199). Let q = w + 319. Calculate the highest common factor of q and 15.
15
Let x(y) = 2*y**2 + 3*y + 4. Let i be x(-4). What is the greatest common factor of i and 36?
12
Suppose 0 = -4*i + 18 - 50. Let w be (-20)/i*(-38)/(-5). Calculate the highest common factor of w and 171.
19
Let i(g) = g**2 - 2*g + 2. Let o be i(2). Suppose -o*d = -4, -50 = -3*y + 3*d - d. Calculate the highest common divisor of 12 and y.
6
Suppose 4*q - 49 = -3*m - q, -2*m = 2*q - 34. Let n(t) = t**2 + 2*t - 3. Let h be n(-5). Calculate the greatest common factor of h and m.
6
Suppose 3*u = -2*u. Suppose u = 3*v - 2*f - f - 45, -v + 30 = 2*f. Calculate the greatest common factor of v and 30.
10
Let a be (2/(-4))/(3/(-528)). Let n = 15 - 7. Calculate the greatest common factor of a and n.
8
Let n be (-25)/(-2) + (-2)/4. Suppose 0 = 2*b + 2*b - n. Suppose 3*t = 2*p + 485, b*t + 4*p = 5*t - 310. Calculate the highest common divisor of t and 15.
15
Let f be (-90)/(-4) - (-1)/(-2). Calculate the greatest common factor of f and 44.
22
Let r(x) = -x + 80. Let g be r(0). Suppose c = -c + g. What is the greatest common divisor of c and 8?
8
Let f be 18/4*8/4. Suppose -n - 4*x = 10, -n + 3 = 3*x + f. Suppose -5*a + 7 = -23. Calculate the highest common factor of a and n.
6
Let v(j) = -j**3 - 7*j**2 + 7*j + 2. Let f be v(-8). Let z(x) = -x**2 + 9*x - 8. Let q be z(6). What is the greatest common divisor of f and q?
10
Let z be -1 - (-18 + (-4 - -5)). Let w(j) = j + 128. Let g be w(0). What is the highest common factor of z and g?
16
Suppose 4*c - 5*r = 29, 5*r - 2 = c - 13. Suppose -c = 3*w - 18. Suppose -4*s - 3*p = 2*p - 40, -s - 11 = -w*p. Calculate the highest common divisor of s and 5.
5
Let s = -19 - -31. Let z = -6 + s. Let x(b) = -b**3 + 8*b**2 + 5*b - 6. Let c be x(z). What is the highest common divisor of c and 12?
12
Suppose -o + 2 = -i + 2*o, 0 = 5*i - o - 18. Let x be i/(12/(-9))*-1. Calculate the highest common divisor of 21 and x.
3
Let b be -2 - ((0 - -2) + -20). Suppose b = 5*k - 4. Suppose 0 = k*w - 0*w - 200. Calculate the highest common factor of 10 and w.
10
Let z = 35 - 30. Calculate the greatest common divisor of 15 and z.
5
Let z be ((-336)/98)/(2/(-7)). What is the greatest common divisor of z and 9?
3
Let v = 6 + -1. Suppose -v*a = -a - 2120. Suppose -3*p - 35 = -a. What is the greatest common divisor of 15 and p?
15
Let w = 4 - -11. Calculate the greatest common factor of 3 and w.
3
Let r(j) = j**2 - j + 3. Let u be r(5). Calculate the greatest common divisor of u and 138.
23
Let z = -47 + 77. Calculate the highest common factor of z and 75.
15
Let f be (46/10 - -1) + 4/10. Calculate the highest common divisor of f and 6.
6
Suppose 2*u - 162 = -a, -330 = -0*u - 4*u - 5*a. Calculate the highest common factor of 10 and u.
10
Suppose b + 4*x - 15 = 0, -4*b - 5 = 5*x - 32. Let w be (0 - 6/(-2))*1. Calculate the greatest common factor of w and b.
3
Let y be 1080/105 + (-4)/14. Calculate the greatest common factor of 30 and y.
10
Let h = -8 + 94. What is the highest common factor of 129 and h?
43
Let v(x) = x. Let w be v(3). Suppose w*s = s + 36. Let r be (-2534)/(-35) - (-4)/(-10). Calculate the greatest common factor of r and s.
18
Let m(g) = 5*g**2 - 6*g + 1. Let y be m(5). Suppose 0 = -4*u + 5*a + 28, -4*a + 61 = 3*u + 9. What is the greatest common factor of y and u?
12
Suppose -5*f + 11 + 8 = 3*p, -4*p + 8 = -2*f. Let o = p + -3. Suppose 3*h + 4*g - 29 = -g, g - 4 = o. What is the greatest common factor of 24 and h?
3
Let i be (2 - -22)*1/2. Suppose 7*t - 11*t + i = 0. What is the highest common factor of 21 and t?
3
Let h(s) = 2*s + 18. Let q(r) = r + 9. Let p = -12 + 1. Let a(y) = p*q(y) + 6*h(y). Let c be a(-7). What is the greatest common factor of c and 6?
2
Let i(q) = -q**2 + 12*q - 19. Let c be i(5). Let j be (-3)/(-2 - 14/(-4)). Let o be (1/j)/(2/(-16)). What is the greatest common divisor of c and o?
4
Suppose 12 = 3*o, 0*w - w - 5*o + 36 = 0. What is the highest common divisor of w and 16?
16
Suppose -6*n - 3*j + 92 = -n, -j + 52 = 3*n. What is the greatest common divisor of 4 and n?
4
Let c = 81 - 141. Let x = 90 + c. Calculate the greatest common factor of 12 and x.
6
Suppose 3*m + n = 379, m - 5*n = 76 + 77. Calculate the greatest common divisor of m and 1